 190095313
What are the prime factors of 170729834?
2, 11, 31, 59, 4243
List the prime factors of 1000464555.
3, 5, 443, 150559
What are the prime factors of 2342507647?
139, 353, 47741
List the prime factors of 3535889100.
2, 3, 5, 11786297
List the prime factors of 504091326.
2, 3, 8539, 9839
What are the prime factors of 215323828?
2, 53830957
What are the prime factors of 1878878270?
2, 5, 19, 107, 92419
List the prime factors of 3802160525.
5, 571, 266351
List the prime factors of 7148520601.
41, 47, 78929
What are the prime factors of 211668385?
5, 593, 71389
List the prime factors of 2687540929.
331, 1709, 4751
What are the prime factors of 3044465799?
3, 223, 4550771
What are the prime factors of 836073890?
2, 5, 1607, 52027
List the prime factors of 607707030.
2, 3, 5, 7, 2893843
What are the prime factors of 215893213?
59, 61, 223, 269
What are the prime factors of 408140542?
2, 204070271
What are the prime factors of 1075758658?
2, 13, 181, 228593
What are the prime factors of 820298528?
2, 7, 1213, 3019
What are the prime factors of 180606764?
2, 13, 23, 151009
List the prime factors of 238115677.
47, 5066291
What are the prime factors of 67587748?
2, 29, 401, 1453
What are the prime factors of 773349909?
3, 257783303
List the prime factors of 7379095.
5, 37, 39887
What are the prime factors of 56480885?
5, 17, 197, 3373
List the prime factors of 11823636.
2, 3, 11, 17, 479
List the prime factors of 116029613.
7, 127, 130517
List the prime factors of 38938521.
3, 43, 151, 1999
List the prime factors of 332730417.
3, 61, 1818199
List the prime factors of 223285322.
2, 13, 8587897
What are the prime factors of 208101913?
17, 12241289
List the prime factors of 129572038.
2, 64786019
What are the prime factors of 2326981015?
5, 19, 97, 373, 677
What are the prime factors of 184993490?
2, 5, 11, 17, 98927
List the prime factors of 71048903.
1427, 49789
What are the prime factors of 262529319?
3, 13, 37, 43, 4231
What are the prime factors of 1560450964?
2, 390112741
What are the prime factors of 450041143?
450041143
What are the prime factors of 502036510?
2, 5, 107, 469193
List the prime factors of 32450924.
2, 11, 31, 37, 643
What are the prime factors of 148802267?
79, 1883573
List the prime factors of 29088301.
11, 577, 4583
What are the prime factors of 4039690903?
41579, 97157
What are the prime factors of 1079442446?
2, 14947, 36109
List the prime factors of 20898740.
2, 5, 149, 7013
List the prime factors of 1094552481.
3, 11, 29, 277, 4129
What are the prime factors of 1087758289?
1087758289
What are the prime factors of 60307079?
7, 397, 21701
List the prime factors of 68354380.
2, 5, 31, 41, 2689
What are the prime factors of 588933041?
523, 1126067
List the prime factors of 38202276.
2, 3, 7, 313, 1453
List the prime factors of 326984603.
11, 29725873
What are the prime factors of 73195841?
73195841
List the prime factors of 2051078118.
2, 3, 17, 20108609
What are the prime factors of 73451657?
1997, 36781
What are the prime factors of 178725189?
3, 157, 379459
What are the prime factors of 1234678792?
2, 154334849
List the prime factors of 3916783721.
3916783721
List the prime factors of 42870740.
2, 5, 11, 194867
What are the prime factors of 100547497?
2801, 35897
List the prime factors of 3425086.
2, 7, 349, 701
What are the prime factors of 283152600?
2, 3, 5, 157307
What are the prime factors of 181342879?
23, 163, 48371
What are the prime factors of 2683068203?
71, 521, 72533
List the prime factors of 78189453.
3, 101, 86017
List the prime factors of 6073141743.
3, 23, 29338849
What are the prime factors of 264535242?
2, 3, 44089207
List the prime factors of 6850901650.
2, 5, 137018033
What are the prime factors of 397043469?
3, 44115941
What are the prime factors of 286257953?
83, 3448891
List the prime factors of 3548183742.
2, 3, 197121319
List the prime factors of 1147175816.
2, 853, 168109
What are the prime factors of 22606391?
22606391
List the prime factors of 1532215057.
7349, 208493
List the prime factors of 1838112986.
2, 919056493
List the prime factors of 320283614.
2, 7, 22877401
List the prime factors of 17727265.
5, 29, 179, 683
List the prime factors of 65088672.
2, 3, 11, 61637
List the prime factors of 222428043.
3, 24714227
List the prime factors of 328996897.
211, 1559227
List the prime factors of 209354056.
2, 26169257
List the prime factors of 182215078.
2, 17, 315251
List the prime factors of 7621083.
3, 17, 49811
List the prime factors of 549089714.
2, 7079, 38783
What are the prime factors of 730182?
2, 3, 121697
List the prime factors of 40303511.
257, 156823
What are the prime factors of 55617858?
2, 3, 3089881
What are the prime factors of 2548976735?
5, 509795347
List the prime factors of 5141908384.
2, 101, 1590937
List the prime factors of 105379012.
2, 127, 283, 733
List the prime factors of 1514661731.
11, 643, 214147
List the prime factors of 1139931026.
2, 13, 259429
List the prime factors of 1719758052.
2, 3, 263, 181639
List the prime factors of 4310610.
2, 3, 5, 143687
List the prime factors of 3811753102.
2, 1423, 1339337
List the prime factors of 94039059.
3, 31346353
What are the prime factors of 46855792?
2, 719, 4073
List the prime factors of 81880715.
5, 7, 149, 2243
List the prime factors of 137589064.
2, 3709, 4637
What are the prime factors of 566105205?
3, 5, 691, 54617
What are the prime factors of 1301424721?
1301424721
List the prime factors of 11638374.
2, 3, 11, 19, 9281
What are the prime factors of 2226286?
2, 17, 65479
What are the prime factors of 103629477?
3, 7, 19, 259723
List the prime factors of 34975284.
2, 3, 2914607
List the prime factors of 2173764679.
13613, 159683
List the prime factors of 10283199.
3, 19, 223, 809
List the prime factors of 2621661614.
2, 11, 13, 9166649
What are the prime factors of 779394993?
3, 13, 19984487
What are the prime factors of 128112320?
2, 5, 7, 57193
What are the prime factors of 332773910?
2, 5, 7, 61, 77933
List the prime factors of 90993100.
2, 5, 11, 82721
What are the prime factors of 1600058664?
2, 3, 23, 322073
List the prime factors of 63176118.
2, 3, 10529353
List the prime factors of 2966656200.
2, 3, 5, 19, 433, 601
What are the prime factors of 1253852870?
2, 5, 5297, 23671
List the prime factors of 805808838.
2, 3, 134301473
List the prime factors of 565068246.
2, 3, 19, 43, 6067
List the prime factors of 19113787.
7, 11, 248231
What are the prime factors of 100476953?
17, 1459, 4051
List the prime factors of 64162419.
3, 21387473
What are the prime factors of 8565890998?
2, 7, 83, 1053097
What are the prime factors of 4502759402?
2, 6269, 359129
What are the prime factors of 679627715?
5, 13, 10455811
What are the prime factors of 1737433121?
53, 59, 157, 3539
List the prime factors of 673209371.
673209371
List the prime factors of 413046725.
5, 7, 13, 37, 701
What are the prime factors of 568676768?
2, 11, 227, 647
What are the prime factors of 1093023450?
2, 3, 5, 19, 43, 991
List the prime factors of 307554156.
2, 3, 7, 13, 269, 349
What are the prime factors of 12043449?
3, 11, 239, 509
What are the prime factors of 65510430?
2, 3, 5, 2183681
What are the prime factors of 85064218?
2, 619, 68711
What are the prime factors of 161831190?
2, 3, 5, 577, 9349
List the prime factors of 243102354.
2, 3, 11, 101, 36469
What are the prime factors of 243930096?
2, 3, 564653
What are the prime factors of 947992795?
5, 337, 562607
What are the prime factors of 753635427?
3, 251211809
List the prime factors of 3315818980.
2, 5, 47, 331, 10657
List the prime factors of 61420358.
2, 5009, 6131
What are the prime factors of 22570777?
37, 271, 2251
List the prime factors of 326959562.
2, 19, 983, 8753
List the prime factors of 1013856569.
11, 41, 2248019
What are the prime factors of 37398936?
2, 3, 1558289
List the prime factors of 25417147.
7, 643, 5647
List the prime factors of 311939471.
67, 577, 8069
List the prime factors of 22805825.
5, 7, 18617
What are the prime factors of 2905047?
3, 322783
List the prime factors of 57989803.
421, 137743
List the prime factors of 34382507.
359, 95773
What are the prime factors of 642892405?
5, 617, 208393
List the prime factors of 84184361.
29, 37, 67, 1171
List the pri